{"id":20,"date":"2021-01-06T16:43:15","date_gmt":"2021-01-06T15:43:15","guid":{"rendered":"http:\/\/beatusmedica.com\/?page_id=20"},"modified":"2023-05-20T15:17:00","modified_gmt":"2023-05-20T13:17:00","slug":"kontakt","status":"publish","type":"page","link":"http:\/\/beatusmedica.com\/?page_id=20","title":{"rendered":"Kontakt"},"content":{"rendered":"\n\n\n<div class=\"wp-block-group is-layout-flow wp-block-group-is-layout-flow\">\n<p><strong>Beatus Medica w Lublinie<\/strong><\/p>\n\n\n\n<div class=\"wp-block-group is-layout-flow wp-block-group-is-layout-flow\">\n<p>Gabinet Kardiologiczny dr n.med. Beata Tata\u0142aj Pastuszak<\/p>\n<\/div>\n<\/div>\n\n\n\n<div class=\"wp-block-group is-layout-flow wp-block-group-is-layout-flow\">\n<p>ul. Jana Paw\u0142a II 13 lok. 11<\/p>\n\n\n\n<p>20-535 Lublin<\/p>\n\n\n\n<p>Tel.: 81 473 61 38 (czynny w godzinach otwarcia Poradni)<\/p>\n\n\n\n<p>Email:&nbsp;<a rel=\"noreferrer noopener\" href=\"mailto:rejestracja@beatusmedica.com\" target=\"_blank\">rejestracja@beatusmedica.com<\/a><\/p>\n\n\n\n<p>Konto bankowe do przelew\u00f3w: BRE Bank S.A.&nbsp; 80 1140 2004 0000 3502 7185 7959<\/p>\n\n\n\n<p>Poradnia czynna od poniedzia\u0142ku do pi\u0105tku od 11:00 do 19:00<\/p>\n<\/div>\n","protected":false},"excerpt":{"rendered":"<p>Beatus Medica w Lublinie Gabinet Kardiologiczny dr n.med. Beata Tata\u0142aj Pastuszak ul. Jana Paw\u0142a II 13 lok. 11 20-535 Lublin Tel.: 81 473 61 38 (czynny w godzinach otwarcia Poradni) Email:&nbsp;rejestracja@beatusmedica.com Konto bankowe do przelew\u00f3w: BRE Bank S.A.&nbsp; 80 1140 2004 0000 3502 7185 7959 Poradnia czynna od poniedzia\u0142ku do pi\u0105tku od 11:00 do 19:00<\/p>\n","protected":false},"author":1,"featured_media":0,"parent":0,"menu_order":0,"comment_status":"closed","ping_status":"closed","template":"","meta":{"zakra_sidebar_layout":"customizer","zakra_remove_content_margin":false,"zakra_sidebar":"customizer","zakra_transparent_header":"customizer","zakra_logo":0,"zakra_main_header_style":"default","zakra_menu_item_color":"","zakra_menu_item_hover_color":"","zakra_menu_item_active_color":"","zakra_menu_active_style":"zakra_menu_active_style","zakra_page_header":true,"footnotes":""},"class_list":["post-20","page","type-page","status-publish","hentry"],"_links":{"self":[{"href":"http:\/\/beatusmedica.com\/index.php?rest_route=\/wp\/v2\/pages\/20","targetHints":{"allow":["GET"]}}],"collection":[{"href":"http:\/\/beatusmedica.com\/index.php?rest_route=\/wp\/v2\/pages"}],"about":[{"href":"http:\/\/beatusmedica.com\/index.php?rest_route=\/wp\/v2\/types\/page"}],"author":[{"embeddable":true,"href":"http:\/\/beatusmedica.com\/index.php?rest_route=\/wp\/v2\/users\/1"}],"replies":[{"embeddable":true,"href":"http:\/\/beatusmedica.com\/index.php?rest_route=%2Fwp%2Fv2%2Fcomments&post=20"}],"version-history":[{"count":13,"href":"http:\/\/beatusmedica.com\/index.php?rest_route=\/wp\/v2\/pages\/20\/revisions"}],"predecessor-version":[{"id":256,"href":"http:\/\/beatusmedica.com\/index.php?rest_route=\/wp\/v2\/pages\/20\/revisions\/256"}],"wp:attachment":[{"href":"http:\/\/beatusmedica.com\/index.php?rest_route=%2Fwp%2Fv2%2Fmedia&parent=20"}],"curies":[{"name":"wp","href":"https:\/\/api.w.org\/{rel}","templated":true}]}}