{"id":21,"date":"2021-01-06T16:43:15","date_gmt":"2021-01-06T15:43:15","guid":{"rendered":"http:\/\/beatusmedica.com\/?page_id=21"},"modified":"2025-01-01T19:56:00","modified_gmt":"2025-01-01T18:56:00","slug":"zakres-uslug","status":"publish","type":"page","link":"http:\/\/beatusmedica.com\/?page_id=21","title":{"rendered":"Zakres us\u0142ug"},"content":{"rendered":"\n\n\n<p><strong>Konsultacja kardiologiczna &#8211; 250 z\u0142<\/strong><\/p>\n\n\n\n<p>dr n. med. Beata Tata\u0142aj-Pastuszak &#8211; kardiolog, specjalista chor\u00f3b wewn\u0119trznych<\/p>\n\n\n\n<p>W ramach konsultacji wykonywany jest&nbsp;<strong>pomiar ci\u015bnienia t\u0119tniczego<\/strong>&nbsp;oraz elektrokardiogram (ekg) interpretowany w trakcie wizyty lekarskiej.<\/p>\n\n\n\n<p><strong>Telefoniczna konsultacja kardiologiczna -150 z\u0142\u00a0<\/strong><\/p>\n\n\n\n<p><strong>Konsultacja neurologiczna &#8211; 250 z\u0142<\/strong><\/p>\n\n\n\n<p>lek. Jaros\u0142aw Kustra &#8211; specjalista neurologii<\/p>\n\n\n\n<p>lek. Magdalena Kalisz &#8211; specjalista neurologii<\/p>\n\n\n\n<p><strong>Konsultacja psychologiczna &#8211; 150 z\u0142 sesja 60 minut<\/strong><\/p>\n\n\n\n<p>Anna Skakovska\u2013 psycholog<\/p>\n\n\n\n<p><strong>Diagnoza neuropsychologiczna &#8211; 350 z\u0142<\/strong><\/p>\n\n\n\n<p>Anna Skakovska\u2013 psycholog<\/p>\n\n\n\n<p>-diagnoza wi\u0105\u017ce si\u0119 z wystawieniem pisemnej opinii psychologicznej dotycz\u0105cej stanu pacjenta<\/p>\n\n\n\n<p>-oferowana cena obejmuje ca\u0142o\u015b\u0107 badania (czas trwania: do dw\u00f3ch godzin)<\/p>\n\n\n\n<p>-opini\u0119 wystawia psycholog w ci\u0105gu tygodnia<\/p>\n\n\n\n<p>-czas spotkania 2-3 godziny<\/p>\n\n\n\n<p>-za wydanie opinii psychologicznej w ci\u0105gu 24 godzin pobierana jest dodatkowa op\u0142ata 50 z\u0142<\/p>\n\n\n\n<p><\/p>\n\n\n\n<p>Wykonujemy r\u00f3wnie\u017c nast\u0119puj\u0105ce badania specjalistyczne:<\/p>\n\n\n\n<p><strong>Echo serca z opisem &#8211; 220 z\u0142<\/strong><\/p>\n\n\n\n<p>&#8211;&nbsp;lek. Krzysztof Sus&nbsp;specjalista kardiolog, echokardiografista<\/p>\n\n\n\n<p>&#8211; lek. Agnieszka Ko\u0142odziej specjalista kardiolog, echokardiografista<\/p>\n\n\n\n<p><strong>Pr\u00f3ba wysi\u0142kowa Ekg na bie\u017cni &#8211; 220 z\u0142<\/strong><\/p>\n\n\n\n<p>dr n.med.Beata Tata\u0142aj-Pastuszak kardiolog specjalista chor\u00f3b wewn\u0119trznych<br><\/p>\n\n\n\n<p><strong>Badanie EKG metod\u0105 Holtera &#8211; 220 z\u0142\u00a0(pierwsza doba)<\/strong><\/p>\n\n\n\n<p>-ka\u017cda kolejna doba &#8211;&nbsp;<strong>150 z\u0142<\/strong><\/p>\n\n\n\n<p>-dr n.med. Beata Tata\u0142aj-Pastuszak&nbsp;kardiolog, specjalista chor\u00f3b wewn\u0119trznych<\/p>\n\n\n\n<p>Opis badania pacjent otrzymuje w ci\u0105gu 3-4-ch dni roboczych<\/p>\n\n\n\n<p><strong>Holter ci\u015bnieniowy &#8211; 160 z\u0142<\/strong><\/p>\n\n\n\n<p>Cena obejmuje 24-godzinny pomiar ci\u015bnienia i wynik z automatyczn\u0105 interpretacj\u0105<\/p>\n\n\n\n<p><strong><strong>Badanie elektrokardiograficzne (EKG)\u00a0<\/strong><\/strong>bez opisu<strong> (<strong>30 z\u0142<\/strong>) <\/strong>lub z opisem<strong> (<strong>50 z\u0142<\/strong>)<\/strong><\/p>\n\n\n\n<p><strong>Konsultacja dietetyczna<\/strong><\/p>\n\n\n\n<p>lic. Urszula Modzelewska-dietetyk<\/p>\n\n\n\n<p>&#8211; pierwsze spotkanie &#8211; 120 z\u0142<\/p>\n\n\n\n<p>&#8211; spotkanie kontrolne &#8211; 80 z\u0142<\/p>\n\n\n\n<p>&#8211; jad\u0142ospis 7- dniowy &#8211; 120 z\u0142<\/p>\n\n\n\n<p>&#8211; jad\u0142ospis 14 \u2013 dniowy &#8211; 210 z\u0142<\/p>\n\n\n\n<p>UWAGA: Zamieszczony w serwisie cennik nie stanowi oferty w rozumieniu Kodeksu Cywilnego.<\/p>\n\n\n\n<p><\/p>\n","protected":false},"excerpt":{"rendered":"<p>Konsultacja kardiologiczna &#8211; 250 z\u0142 dr n. med. Beata Tata\u0142aj-Pastuszak &#8211; kardiolog, specjalista chor\u00f3b wewn\u0119trznych W ramach konsultacji wykonywany jest&nbsp;pomiar ci\u015bnienia t\u0119tniczego&nbsp;oraz elektrokardiogram (ekg) interpretowany w trakcie wizyty lekarskiej. Telefoniczna konsultacja kardiologiczna -150 z\u0142\u00a0 Konsultacja neurologiczna &#8211; 250 z\u0142 lek. Jaros\u0142aw Kustra &#8211; specjalista neurologii lek. Magdalena Kalisz &#8211; specjalista neurologii Konsultacja psychologiczna &#8211; 150 [&hellip;]<\/p>\n","protected":false},"author":1,"featured_media":0,"parent":0,"menu_order":0,"comment_status":"closed","ping_status":"closed","template":"","meta":{"zakra_sidebar_layout":"customizer","zakra_remove_content_margin":false,"zakra_sidebar":"customizer","zakra_transparent_header":"customizer","zakra_logo":0,"zakra_main_header_style":"default","zakra_menu_item_color":"","zakra_menu_item_hover_color":"","zakra_menu_item_active_color":"","zakra_menu_active_style":"zakra_menu_active_style","zakra_page_header":true,"footnotes":""},"class_list":["post-21","page","type-page","status-publish","hentry"],"_links":{"self":[{"href":"http:\/\/beatusmedica.com\/index.php?rest_route=\/wp\/v2\/pages\/21","targetHints":{"allow":["GET"]}}],"collection":[{"href":"http:\/\/beatusmedica.com\/index.php?rest_route=\/wp\/v2\/pages"}],"about":[{"href":"http:\/\/beatusmedica.com\/index.php?rest_route=\/wp\/v2\/types\/page"}],"author":[{"embeddable":true,"href":"http:\/\/beatusmedica.com\/index.php?rest_route=\/wp\/v2\/users\/1"}],"replies":[{"embeddable":true,"href":"http:\/\/beatusmedica.com\/index.php?rest_route=%2Fwp%2Fv2%2Fcomments&post=21"}],"version-history":[{"count":32,"href":"http:\/\/beatusmedica.com\/index.php?rest_route=\/wp\/v2\/pages\/21\/revisions"}],"predecessor-version":[{"id":274,"href":"http:\/\/beatusmedica.com\/index.php?rest_route=\/wp\/v2\/pages\/21\/revisions\/274"}],"wp:attachment":[{"href":"http:\/\/beatusmedica.com\/index.php?rest_route=%2Fwp%2Fv2%2Fmedia&parent=21"}],"curies":[{"name":"wp","href":"https:\/\/api.w.org\/{rel}","templated":true}]}}